, 17, 47, 811
List the prime factors of 239696.
2, 71, 211
List the prime factors of 7182154.
2, 7, 359, 1429
List the prime factors of 328367.
13, 29, 67
List the prime factors of 2610602.
2, 1305301
List the prime factors of 141920.
2, 5, 887
List the prime factors of 1114999.
1114999
What are the prime factors of 155337?
3, 7, 13, 569
List the prime factors of 5475797.
5475797
What are the prime factors of 389415?
3, 5, 13, 1997
List the prime factors of 819218.
2, 409609
What are the prime factors of 6720158?
2, 269, 12491
List the prime factors of 384999.
3, 17, 7549
What are the prime factors of 4163509?
7, 41, 89, 163
List the prime factors of 607977.
3, 43, 1571
What are the prime factors of 3228737?
3228737
List the prime factors of 209820.
2, 3, 5, 13, 269
What are the prime factors of 271333?
271333
What are the prime factors of 12966667?
7, 229, 8089
List the prime factors of 139381.
11, 12671
What are the prime factors of 117492?
2, 3, 9791
List the prime factors of 70213.
11, 13, 491
What are the prime factors of 9472628?
2, 11, 461, 467
What are the prime factors of 7475?
5, 13, 23
What are the prime factors of 3087335?
5, 617467
What are the prime factors of 5510222?
2, 2755111
List the prime factors of 9995879.
967, 10337
List the prime factors of 20544031.
163, 126037
What are the prime factors of 764689?
764689
List the prime factors of 1534320.
2, 3, 5, 2131
List the prime factors of 5441198.
2, 7, 388657
What are the prime factors of 35434?
2, 7, 2531
What are the prime factors of 137229?
3, 149, 307
What are the prime factors of 193250?
2, 5, 773
What are the prime factors of 3509991?
3, 389999
What are the prime factors of 37327963?
37327963
What are the prime factors of 511374?
2, 3, 85229
List the prime factors of 24921274.
2, 7, 19, 4931
List the prime factors of 2101879.
13, 161683
List the prime factors of 2472625.
5, 131, 151
List the prime factors of 305759.
305759
List the prime factors of 4282010.
2, 5, 37, 71, 163
List the prime factors of 9175256.
2, 31, 36997
What are the prime factors of 725781?
3, 7, 17, 19, 107
List the prime factors of 486730.
2, 5, 48673
List the prime factors of 822420.
2, 3, 5, 1523
What are the prime factors of 469196?
2, 7, 13, 1289
List the prime factors of 10712713.
11, 19, 51257
List the prime factors of 1599343.
17, 94079
List the prime factors of 5634301.
1627, 3463
List the prime factors of 1644745.
5, 211, 1559
What are the prime factors of 11663395?
5, 2332679
List the prime factors of 14632.
2, 31, 59
What are the prime factors of 10177103?
19, 535637
What are the prime factors of 4428791?
887, 4993
List the prime factors of 1390838.
2, 17, 19, 2153
List the prime factors of 1617928.
2, 13, 47, 331
List the prime factors of 114835.
5, 7, 17, 193
List the prime factors of 454579.
454579
List the prime factors of 449018.
2, 347, 647
What are the prime factors of 10152084?
2, 3, 397, 2131
List the prime factors of 870859.
11, 17, 4657
List the prime factors of 17242253.
7, 19, 129641
What are the prime factors of 796937?
796937
List the prime factors of 1103643.
3, 149, 823
List the prime factors of 1291805.
5, 29, 59, 151
What are the prime factors of 2073904?
2, 7, 18517
List the prime factors of 798447.
3, 13, 59, 347
What are the prime factors of 376722?
2, 3, 20929
What are the prime factors of 21007707?
3, 7, 1000367
What are the prime factors of 1891050?
2, 3, 5, 7, 1801
List the prime factors of 11508892.
2, 2877223
List the prime factors of 14986108.
2, 3746527
List the prime factors of 52595.
5, 67, 157
What are the prime factors of 143123?
17, 8419
What are the prime factors of 602816?
2, 9419
List the prime factors of 1759405.
5, 31, 11351
List the prime factors of 10956465.
3, 5, 13, 2081
List the prime factors of 15715955.
5, 137, 22943
List the prime factors of 13289359.
17, 31, 151, 167
What are the prime factors of 7413652?
2, 1297, 1429
List the prime factors of 7748406.
2, 3, 143489
List the prime factors of 403040.
2, 5, 11, 229
List the prime factors of 916417.
916417
List the prime factors of 233724.
2, 3, 19477
What are the prime factors of 261089?
261089
List the prime factors of 230772.
2, 3, 19231
What are the prime factors of 24646400?
2, 5, 3851
What are the prime factors of 5059603?
31, 227, 719
List the prime factors of 26757596.
2, 6689399
What are the prime factors of 3001448?
2, 59, 6359
What are the prime factors of 7848766?
2, 31, 71, 1783
List the prime factors of 3706592.
2, 115831
List the prime factors of 6449287.
13, 283, 1753
What are the prime factors of 1505968?
2, 61, 1543
List the prime factors of 445083.
3, 148361
What are the prime factors of 1550728?
2, 193841
What are the prime factors of 321357?
3, 107119
List the prime factors of 534174.
2, 3, 17, 5237
What are the prime factors of 16995880?
2, 5, 11, 19, 107
List the prime factors of 2974303.
17, 174959
What are the prime factors of 10969701?
3, 113, 32359
List the prime factors of 1561966.
2, 7, 31, 59, 61
List the prime factors of 1209654.
2, 3, 19, 131
List the prime factors of 13184.
2, 103
What are the prime factors of 1998937?
79, 25303
List the prime factors of 26822.
2, 13411
List the prime factors of 17960005.
5, 7, 31, 16553
What are the prime factors of 13500542?
2, 11, 613661
List the prime factors of 156844.
2, 113, 347
List the prime factors of 153736.
2, 11, 1747
What are the prime factors of 9262104?
2, 3, 101, 3821
What are the prime factors of 76850?
2, 5, 29, 53
List the prime factors of 1594324.
2, 398581
List the prime factors of 296732.
2, 31, 2393
List the prime factors of 2149901.
13, 59, 2803
What are the prime factors of 6397714?
2, 233, 13729
What are the prime factors of 621314?
2, 41, 7577
What are the prime factors of 135831?
3, 19, 2383
What are the prime factors of 2909736?
2, 3, 19, 709
What are the prime factors of 22175897?
263, 84319
What are the prime factors of 4678132?
2, 37, 73, 433
What are the prime factors of 163047?
3, 17, 23, 139
What are the prime factors of 27331000?
2, 5, 151, 181
List the prime factors of 2407934.
2, 103, 11689
List the prime factors of 21671597.
21671597
List the prime factors of 71521.
37, 1933
List the prime factors of 36619921.
13, 17, 165701
What are the prime factors of 1217575?
5, 113, 431
What are the prime factors of 21935452?
2, 7, 11, 229, 311
List the prime factors of 1316129.
23, 57223
What are the prime factors of 1480835?
5, 353, 839
List the prime factors of 2559158.
2, 7, 53, 3449
List the prime factors of 37867394.
2, 1039, 18223
What are the prime factors of 299998?
2, 61, 2459
What are the prime factors of 1827002?
2, 19, 48079
List the prime factors of 21292162.
2, 10646081
List the prime factors of 6252778.
2, 7, 37, 12071
List the prime factors of 4607123.
113, 40771
List the prime factors of 278496.
2, 3, 967
What are the prime factors of 79732?
2, 31, 643
List the prime factors of 3898976.
2, 121843
List the prime factors of 1207149.
3, 402383
What are the prime factors of 4322198?
2, 331, 6529
List the prime factors of 3637038.
2, 3, 606173
What are the prime factors of 7672601?
89, 86209
List the prime factors of 94032.
2, 3, 653
List the prime factors of 195151.
11, 113, 157
What are the prime factors of 2089953?
3, 232217
What are the prime factors of 1404649?
1404649
List the prime factors of 1040561.
659, 1579
What are the prime factors of 736139?
853, 863
What are the prime factors of 197730?
2, 3, 5, 13
List the prime factors of 184255.
5, 43, 857
List the prime factors of 649075.
5, 7, 3709
List the prime factors of 3421325.
5, 107, 1279
What are the prime factors of 158170?
2, 5, 15817
What are the prime factors of 239717?
17, 59, 239
What are the prime factors of 19702776?
2, 3, 47, 17467
List the prime factors of 17529191.
19, 491, 1879
What are the prime factors of 3943594?
2, 29, 67993
List the prime factors of 1638707.
7, 53, 631
What are the prime factors of 112352?
2, 3511
List the prime factors of 46858.
2, 7, 3347
List the prime factors of 237580.
2, 5, 7, 1697
What are the prime factors of 634658?
2, 223, 1423
List the prime factors of 4494371.
7, 71, 9043
What are the prime factors of 28735803?
3, 354763
What are the prime factors of 1365147?
3, 7, 31, 233
List 